{"id":18,"date":"2025-03-28T15:27:44","date_gmt":"2025-03-28T18:27:44","guid":{"rendered":"https:\/\/www.mineracaovec.com.br\/?page_id=18"},"modified":"2026-04-10T07:41:28","modified_gmt":"2026-04-10T10:41:28","slug":"inicial","status":"publish","type":"page","link":"https:\/\/www.mineracaovec.com.br\/","title":{"rendered":"Inicial"},"content":{"rendered":"<p>[et_pb_section fb_built=&#8221;1&#8243; _builder_version=&#8221;4.24.2&#8243; _module_preset=&#8221;default&#8221; background_color=&#8221;#f3ebdc&#8221; custom_padding=&#8221;6px||6px|||&#8221; global_colors_info=&#8221;{}&#8221;][et_pb_row _builder_version=&#8221;4.24.2&#8243; _module_preset=&#8221;default&#8221; global_colors_info=&#8221;{}&#8221;][et_pb_column type=&#8221;4_4&#8243; _builder_version=&#8221;4.24.2&#8243; _module_preset=&#8221;default&#8221; global_colors_info=&#8221;{}&#8221;][et_pb_image src=&#8221;https:\/\/www.mineracaovec.com.br\/wp-content\/uploads\/2025\/04\/mineracao-vec-logo-e1745637654356.png&#8221; title_text=&#8221;logo 2&#8243; align=&#8221;center&#8221; _builder_version=&#8221;4.24.2&#8243; _module_preset=&#8221;default&#8221; width=&#8221;21%&#8221; width_tablet=&#8221;21%&#8221; width_phone=&#8221;59%&#8221; width_last_edited=&#8221;on|phone&#8221; animation_style=&#8221;slide&#8221; global_colors_info=&#8221;{}&#8221;][\/et_pb_image][et_pb_text content_tablet=&#8221;<\/p>\n<p style=%22text-align: center;%22>Pedras Naturais S\u00e3o Tom\u00e9 de alta qualidade, direto da minera\u00e7\u00e3o em<br \/>S\u00e3o Thom\u00e9 das Letras-MG. Solicite um or\u00e7amento. Entregamos para todo o Brasil<\/p>\n<p>&#8221; content_phone=&#8221;<\/p>\n<p style=%22text-align: center;%22>Pedras Naturais S\u00e3o Tom\u00e9 de alta qualidade, direto da minera\u00e7\u00e3o em S\u00e3o Thom\u00e9 das Letras-MG.<\/p>\n<p style=%22text-align: center;%22>Solicite um or\u00e7amento.<br \/>Entregamos para todo o Brasil<\/p>\n<p>&#8221; content_last_edited=&#8221;on|phone&#8221; _builder_version=&#8221;4.24.2&#8243; _module_preset=&#8221;default&#8221; text_font=&#8221;Albert Sans|700|||||||&#8221; text_text_color=&#8221;#233627&#8243; text_font_size=&#8221;23px&#8221; text_line_height=&#8221;1.2em&#8221; text_font_size_tablet=&#8221;26px&#8221; text_font_size_phone=&#8221;13px&#8221; text_font_size_last_edited=&#8221;on|phone&#8221; global_colors_info=&#8221;{}&#8221;]<\/p>\n<p style=\"text-align: center;\">Pedras Naturais S\u00e3o Tom\u00e9 de alta qualidade, direto da minera\u00e7\u00e3o em<br \/>S\u00e3o Thom\u00e9 das Letras-MG. Solicite um or\u00e7amento. Entregamos para todo o Brasil<\/p>\n<p>[\/et_pb_text][et_pb_button button_url=&#8221;https:\/\/linkdeconversa.com.br\/MineracaoVec&#8221; url_new_window=&#8221;on&#8221; button_text=&#8221;OR\u00c7AMENTO&#8221; button_alignment=&#8221;center&#8221; _builder_version=&#8221;4.24.2&#8243; _module_preset=&#8221;default&#8221; custom_button=&#8221;on&#8221; button_text_color=&#8221;#FFFFFF&#8221; button_bg_color=&#8221;#233627&#8243; button_border_width=&#8221;0px&#8221; button_border_radius=&#8221;100px&#8221; button_icon=&#8221;&#xf232;||fa||400&#8243; button_icon_placement=&#8221;left&#8221; button_on_hover=&#8221;off&#8221; hover_enabled=&#8221;0&#8243; global_colors_info=&#8221;{}&#8221; button_font=&#8221;||||on|||RGBA(255,255,255,0)|&#8221; sticky_enabled=&#8221;0&#8243;][\/et_pb_button][et_pb_button button_url=&#8221;https:\/\/www.mineracaovec.com.br\/MINERACAO_VEC_apresentacao_e_catalogo_2025.pdf&#8221; url_new_window=&#8221;on&#8221; button_text=&#8221;CAT\u00c1LOGO&#8221; button_alignment=&#8221;center&#8221; _builder_version=&#8221;4.24.2&#8243; _module_preset=&#8221;default&#8221; custom_button=&#8221;on&#8221; button_text_color=&#8221;#FFFFFF&#8221; button_bg_color=&#8221;#233627&#8243; button_border_width=&#8221;0px&#8221; button_border_radius=&#8221;100px&#8221; button_icon=&#8221;&#xe086;||divi||400&#8243; button_icon_placement=&#8221;left&#8221; button_on_hover=&#8221;off&#8221; custom_margin=&#8221;||37px|||&#8221; hover_enabled=&#8221;0&#8243; global_colors_info=&#8221;{}&#8221; button_font=&#8221;||||on|||RGBA(255,255,255,0)|&#8221; sticky_enabled=&#8221;0&#8243;][\/et_pb_button][et_pb_gallery gallery_ids=&#8221;103,102,100,101,99,98,97,96,95,94,93&#8243; gallery_orderby=&#8221;rand&#8221; show_title_and_caption=&#8221;off&#8221; zoom_icon_color=&#8221;RGBA(255,255,255,0)&#8221; hover_overlay_color=&#8221;RGBA(255,255,255,0)&#8221; _builder_version=&#8221;4.24.2&#8243; _module_preset=&#8221;default&#8221; link_option_url=&#8221;https:\/\/linkdeconversa.com.br\/MineracaoVec&#8221; link_option_url_new_window=&#8221;on&#8221; global_colors_info=&#8221;{}&#8221;][\/et_pb_gallery][et_pb_divider color=&#8221;#233627&#8243; divider_style=&#8221;dotted&#8221; divider_weight=&#8221;3px&#8221; _builder_version=&#8221;4.24.2&#8243; _module_preset=&#8221;default&#8221; width=&#8221;100%&#8221; max_width=&#8221;100%&#8221; module_alignment=&#8221;center&#8221; custom_margin=&#8221;||-12px|||&#8221; global_colors_info=&#8221;{}&#8221;][\/et_pb_divider][\/et_pb_column][\/et_pb_row][et_pb_row _builder_version=&#8221;4.24.2&#8243; _module_preset=&#8221;default&#8221; custom_margin=&#8221;-10px|auto||auto||&#8221; custom_padding=&#8221;6px|||||&#8221; global_colors_info=&#8221;{}&#8221;][et_pb_column type=&#8221;4_4&#8243; _builder_version=&#8221;4.24.2&#8243; _module_preset=&#8221;default&#8221; global_colors_info=&#8221;{}&#8221;][et_pb_text _builder_version=&#8221;4.24.2&#8243; _module_preset=&#8221;default&#8221; text_font=&#8221;Albert Sans|700|||||||&#8221; text_text_color=&#8221;#233627&#8243; text_font_size=&#8221;23px&#8221; text_line_height=&#8221;1.2em&#8221; custom_margin=&#8221;||3px|||&#8221; text_font_size_tablet=&#8221;26px&#8221; text_font_size_phone=&#8221;13px&#8221; text_font_size_last_edited=&#8221;on|phone&#8221; global_colors_info=&#8221;{}&#8221;]<\/p>\n<h1 style=\"text-align: center;\"><strong>Como chegar<\/strong><\/h1>\n<p>[\/et_pb_text][et_pb_code _builder_version=&#8221;4.24.2&#8243; _module_preset=&#8221;default&#8221; text_orientation=&#8221;center&#8221; global_colors_info=&#8221;{}&#8221;]<iframe src=\"https:\/\/www.google.com\/maps\/embed?pb=!1m18!1m12!1m3!1d3705.966030876422!2d-44.99834602472334!3d-21.7428425800913!2m3!1f0!2f0!3f0!3m2!1i1024!2i768!4f13.1!3m3!1m2!1s0x9e2b0bf883da39%3A0xd240ee7de82c8c8f!2zTWluZXJhw6fDo28gVkVD!5e0!3m2!1spt-BR!2sbr!4v1745675427933!5m2!1spt-BR!2sbr\" width=\"1000\" height=\"350\" style=\"border:0;\" allowfullscreen=\"\" loading=\"lazy\" referrerpolicy=\"no-referrer-when-downgrade\"><\/iframe>[\/et_pb_code][\/et_pb_column][\/et_pb_row][\/et_pb_section][et_pb_section fb_built=&#8221;1&#8243; _builder_version=&#8221;4.24.2&#8243; _module_preset=&#8221;default&#8221; background_image=&#8221;https:\/\/www.mineracaovec.com.br\/wp-content\/uploads\/2025\/05\/foto-01.jpeg&#8221; parallax=&#8221;on&#8221; custom_padding=&#8221;||402px|||&#8221; global_colors_info=&#8221;{}&#8221;][et_pb_row _builder_version=&#8221;4.24.2&#8243; _module_preset=&#8221;default&#8221; global_colors_info=&#8221;{}&#8221;][et_pb_column type=&#8221;4_4&#8243; _builder_version=&#8221;4.24.2&#8243; _module_preset=&#8221;default&#8221; global_colors_info=&#8221;{}&#8221;][et_pb_image src=&#8221;https:\/\/www.mineracaovec.com.br\/wp-content\/uploads\/2025\/04\/mineracao-vec-logo-e1745637654356.png&#8221; title_text=&#8221;logo 2&#8243; align=&#8221;center&#8221; _builder_version=&#8221;4.24.2&#8243; _module_preset=&#8221;default&#8221; width=&#8221;16%&#8221; width_tablet=&#8221;16%&#8221; width_phone=&#8221;44%&#8221; width_last_edited=&#8221;on|phone&#8221; global_colors_info=&#8221;{}&#8221;][\/et_pb_image][\/et_pb_column][\/et_pb_row][\/et_pb_section]<\/p>\n","protected":false},"excerpt":{"rendered":"<p>Pedras Naturais S\u00e3o Tom\u00e9 de alta qualidade, direto da minera\u00e7\u00e3o emS\u00e3o Thom\u00e9 das Letras-MG. Solicite um or\u00e7amento. Entregamos para todo o BrasilComo chegar<\/p>\n","protected":false},"author":1,"featured_media":46,"parent":0,"menu_order":0,"comment_status":"closed","ping_status":"closed","template":"","meta":{"_et_pb_use_builder":"on","_et_pb_old_content":"","_et_gb_content_width":"","_joinchat":[],"footnotes":""},"class_list":["post-18","page","type-page","status-publish","has-post-thumbnail","hentry"],"yoast_head":"<!-- This site is optimized with the Yoast SEO plugin v24.9 - https:\/\/yoast.com\/wordpress\/plugins\/seo\/ -->\n<title>Inicial - Minera\u00e7\u00e3o VEC em S\u00e3o Thom\u00e9 das Letras - MG<\/title>\n<meta name=\"description\" content=\"Pedras Naturais S\u00e3o Tom\u00e9 de alta qualidade, direto da minera\u00e7\u00e3o em S\u00e3o Thom\u00e9 das Letras-MG. Solicite or\u00e7amento. Entregamos para todo o Brasil\" \/>\n<meta name=\"robots\" content=\"index, follow, max-snippet:-1, max-image-preview:large, max-video-preview:-1\" \/>\n<link rel=\"canonical\" href=\"https:\/\/www.mineracaovec.com.br\/\" \/>\n<meta property=\"og:locale\" content=\"pt_BR\" \/>\n<meta property=\"og:type\" content=\"article\" \/>\n<meta property=\"og:title\" content=\"Inicial - Minera\u00e7\u00e3o VEC em S\u00e3o Thom\u00e9 das Letras - MG\" \/>\n<meta property=\"og:description\" content=\"Pedras Naturais S\u00e3o Tom\u00e9 de alta qualidade, direto da minera\u00e7\u00e3o em S\u00e3o Thom\u00e9 das Letras-MG. Solicite or\u00e7amento. Entregamos para todo o Brasil\" \/>\n<meta property=\"og:url\" content=\"https:\/\/www.mineracaovec.com.br\/\" \/>\n<meta property=\"og:site_name\" content=\"Minera\u00e7\u00e3o VEC em S\u00e3o Thom\u00e9 das Letras - MG\" \/>\n<meta property=\"article:modified_time\" content=\"2026-04-10T10:41:28+00:00\" \/>\n<meta property=\"og:image\" content=\"https:\/\/www.mineracaovec.com.br\/wp-content\/uploads\/2025\/04\/cropped-mineracao-vec-perfil-3-scaled-1.png\" \/>\n\t<meta property=\"og:image:width\" content=\"512\" \/>\n\t<meta property=\"og:image:height\" content=\"512\" \/>\n\t<meta property=\"og:image:type\" content=\"image\/png\" \/>\n<meta name=\"twitter:card\" content=\"summary_large_image\" \/>\n<meta name=\"twitter:label1\" content=\"Est. tempo de leitura\" \/>\n\t<meta name=\"twitter:data1\" content=\"1 minuto\" \/>\n<script type=\"application\/ld+json\" class=\"yoast-schema-graph\">{\"@context\":\"https:\/\/schema.org\",\"@graph\":[{\"@type\":\"WebPage\",\"@id\":\"https:\/\/www.mineracaovec.com.br\/\",\"url\":\"https:\/\/www.mineracaovec.com.br\/\",\"name\":\"Inicial - Minera\u00e7\u00e3o VEC em S\u00e3o Thom\u00e9 das Letras - MG\",\"isPartOf\":{\"@id\":\"https:\/\/www.mineracaovec.com.br\/#website\"},\"primaryImageOfPage\":{\"@id\":\"https:\/\/www.mineracaovec.com.br\/#primaryimage\"},\"image\":{\"@id\":\"https:\/\/www.mineracaovec.com.br\/#primaryimage\"},\"thumbnailUrl\":\"https:\/\/www.mineracaovec.com.br\/wp-content\/uploads\/2025\/04\/cropped-mineracao-vec-perfil-3-scaled-1.png\",\"datePublished\":\"2025-03-28T18:27:44+00:00\",\"dateModified\":\"2026-04-10T10:41:28+00:00\",\"description\":\"Pedras Naturais S\u00e3o Tom\u00e9 de alta qualidade, direto da minera\u00e7\u00e3o em S\u00e3o Thom\u00e9 das Letras-MG. Solicite or\u00e7amento. Entregamos para todo o Brasil\",\"breadcrumb\":{\"@id\":\"https:\/\/www.mineracaovec.com.br\/#breadcrumb\"},\"inLanguage\":\"pt-BR\",\"potentialAction\":[{\"@type\":\"ReadAction\",\"target\":[\"https:\/\/www.mineracaovec.com.br\/\"]}]},{\"@type\":\"ImageObject\",\"inLanguage\":\"pt-BR\",\"@id\":\"https:\/\/www.mineracaovec.com.br\/#primaryimage\",\"url\":\"https:\/\/www.mineracaovec.com.br\/wp-content\/uploads\/2025\/04\/cropped-mineracao-vec-perfil-3-scaled-1.png\",\"contentUrl\":\"https:\/\/www.mineracaovec.com.br\/wp-content\/uploads\/2025\/04\/cropped-mineracao-vec-perfil-3-scaled-1.png\",\"width\":512,\"height\":512},{\"@type\":\"BreadcrumbList\",\"@id\":\"https:\/\/www.mineracaovec.com.br\/#breadcrumb\",\"itemListElement\":[{\"@type\":\"ListItem\",\"position\":1,\"name\":\"In\u00edcio\",\"item\":\"https:\/\/www.mineracaovec.com.br\/\"},{\"@type\":\"ListItem\",\"position\":2,\"name\":\"Inicial\"}]},{\"@type\":\"WebSite\",\"@id\":\"https:\/\/www.mineracaovec.com.br\/#website\",\"url\":\"https:\/\/www.mineracaovec.com.br\/\",\"name\":\"Minera\u00e7\u00e3o VEC em S\u00e3o Thom\u00e9 das Letras - MG\",\"description\":\"Pedras S\u00e3o Tom\u00e9 diretamente da mineradora, diversos tipos de corte, envio para todo Brasil.\",\"publisher\":{\"@id\":\"https:\/\/www.mineracaovec.com.br\/#organization\"},\"potentialAction\":[{\"@type\":\"SearchAction\",\"target\":{\"@type\":\"EntryPoint\",\"urlTemplate\":\"https:\/\/www.mineracaovec.com.br\/?s={search_term_string}\"},\"query-input\":{\"@type\":\"PropertyValueSpecification\",\"valueRequired\":true,\"valueName\":\"search_term_string\"}}],\"inLanguage\":\"pt-BR\"},{\"@type\":\"Organization\",\"@id\":\"https:\/\/www.mineracaovec.com.br\/#organization\",\"name\":\"Minera\u00e7\u00e3o VEC em S\u00e3o Thom\u00e9 das Letras - MG\",\"url\":\"https:\/\/www.mineracaovec.com.br\/\",\"logo\":{\"@type\":\"ImageObject\",\"inLanguage\":\"pt-BR\",\"@id\":\"https:\/\/www.mineracaovec.com.br\/#\/schema\/logo\/image\/\",\"url\":\"https:\/\/www.mineracaovec.com.br\/wp-content\/uploads\/2025\/04\/mineracao-vec-perfil-3-scaled.png\",\"contentUrl\":\"https:\/\/www.mineracaovec.com.br\/wp-content\/uploads\/2025\/04\/mineracao-vec-perfil-3-scaled.png\",\"width\":2560,\"height\":2560,\"caption\":\"Minera\u00e7\u00e3o VEC em S\u00e3o Thom\u00e9 das Letras - MG\"},\"image\":{\"@id\":\"https:\/\/www.mineracaovec.com.br\/#\/schema\/logo\/image\/\"}}]}<\/script>\n<!-- \/ Yoast SEO plugin. -->","yoast_head_json":{"title":"Inicial - Minera\u00e7\u00e3o VEC em S\u00e3o Thom\u00e9 das Letras - MG","description":"Pedras Naturais S\u00e3o Tom\u00e9 de alta qualidade, direto da minera\u00e7\u00e3o em S\u00e3o Thom\u00e9 das Letras-MG. Solicite or\u00e7amento. Entregamos para todo o Brasil","robots":{"index":"index","follow":"follow","max-snippet":"max-snippet:-1","max-image-preview":"max-image-preview:large","max-video-preview":"max-video-preview:-1"},"canonical":"https:\/\/www.mineracaovec.com.br\/","og_locale":"pt_BR","og_type":"article","og_title":"Inicial - Minera\u00e7\u00e3o VEC em S\u00e3o Thom\u00e9 das Letras - MG","og_description":"Pedras Naturais S\u00e3o Tom\u00e9 de alta qualidade, direto da minera\u00e7\u00e3o em S\u00e3o Thom\u00e9 das Letras-MG. Solicite or\u00e7amento. Entregamos para todo o Brasil","og_url":"https:\/\/www.mineracaovec.com.br\/","og_site_name":"Minera\u00e7\u00e3o VEC em S\u00e3o Thom\u00e9 das Letras - MG","article_modified_time":"2026-04-10T10:41:28+00:00","og_image":[{"width":512,"height":512,"url":"https:\/\/www.mineracaovec.com.br\/wp-content\/uploads\/2025\/04\/cropped-mineracao-vec-perfil-3-scaled-1.png","type":"image\/png"}],"twitter_card":"summary_large_image","twitter_misc":{"Est. tempo de leitura":"1 minuto"},"schema":{"@context":"https:\/\/schema.org","@graph":[{"@type":"WebPage","@id":"https:\/\/www.mineracaovec.com.br\/","url":"https:\/\/www.mineracaovec.com.br\/","name":"Inicial - Minera\u00e7\u00e3o VEC em S\u00e3o Thom\u00e9 das Letras - MG","isPartOf":{"@id":"https:\/\/www.mineracaovec.com.br\/#website"},"primaryImageOfPage":{"@id":"https:\/\/www.mineracaovec.com.br\/#primaryimage"},"image":{"@id":"https:\/\/www.mineracaovec.com.br\/#primaryimage"},"thumbnailUrl":"https:\/\/www.mineracaovec.com.br\/wp-content\/uploads\/2025\/04\/cropped-mineracao-vec-perfil-3-scaled-1.png","datePublished":"2025-03-28T18:27:44+00:00","dateModified":"2026-04-10T10:41:28+00:00","description":"Pedras Naturais S\u00e3o Tom\u00e9 de alta qualidade, direto da minera\u00e7\u00e3o em S\u00e3o Thom\u00e9 das Letras-MG. Solicite or\u00e7amento. Entregamos para todo o Brasil","breadcrumb":{"@id":"https:\/\/www.mineracaovec.com.br\/#breadcrumb"},"inLanguage":"pt-BR","potentialAction":[{"@type":"ReadAction","target":["https:\/\/www.mineracaovec.com.br\/"]}]},{"@type":"ImageObject","inLanguage":"pt-BR","@id":"https:\/\/www.mineracaovec.com.br\/#primaryimage","url":"https:\/\/www.mineracaovec.com.br\/wp-content\/uploads\/2025\/04\/cropped-mineracao-vec-perfil-3-scaled-1.png","contentUrl":"https:\/\/www.mineracaovec.com.br\/wp-content\/uploads\/2025\/04\/cropped-mineracao-vec-perfil-3-scaled-1.png","width":512,"height":512},{"@type":"BreadcrumbList","@id":"https:\/\/www.mineracaovec.com.br\/#breadcrumb","itemListElement":[{"@type":"ListItem","position":1,"name":"In\u00edcio","item":"https:\/\/www.mineracaovec.com.br\/"},{"@type":"ListItem","position":2,"name":"Inicial"}]},{"@type":"WebSite","@id":"https:\/\/www.mineracaovec.com.br\/#website","url":"https:\/\/www.mineracaovec.com.br\/","name":"Minera\u00e7\u00e3o VEC em S\u00e3o Thom\u00e9 das Letras - MG","description":"Pedras S\u00e3o Tom\u00e9 diretamente da mineradora, diversos tipos de corte, envio para todo Brasil.","publisher":{"@id":"https:\/\/www.mineracaovec.com.br\/#organization"},"potentialAction":[{"@type":"SearchAction","target":{"@type":"EntryPoint","urlTemplate":"https:\/\/www.mineracaovec.com.br\/?s={search_term_string}"},"query-input":{"@type":"PropertyValueSpecification","valueRequired":true,"valueName":"search_term_string"}}],"inLanguage":"pt-BR"},{"@type":"Organization","@id":"https:\/\/www.mineracaovec.com.br\/#organization","name":"Minera\u00e7\u00e3o VEC em S\u00e3o Thom\u00e9 das Letras - MG","url":"https:\/\/www.mineracaovec.com.br\/","logo":{"@type":"ImageObject","inLanguage":"pt-BR","@id":"https:\/\/www.mineracaovec.com.br\/#\/schema\/logo\/image\/","url":"https:\/\/www.mineracaovec.com.br\/wp-content\/uploads\/2025\/04\/mineracao-vec-perfil-3-scaled.png","contentUrl":"https:\/\/www.mineracaovec.com.br\/wp-content\/uploads\/2025\/04\/mineracao-vec-perfil-3-scaled.png","width":2560,"height":2560,"caption":"Minera\u00e7\u00e3o VEC em S\u00e3o Thom\u00e9 das Letras - MG"},"image":{"@id":"https:\/\/www.mineracaovec.com.br\/#\/schema\/logo\/image\/"}}]}},"_links":{"self":[{"href":"https:\/\/www.mineracaovec.com.br\/index.php\/wp-json\/wp\/v2\/pages\/18","targetHints":{"allow":["GET"]}}],"collection":[{"href":"https:\/\/www.mineracaovec.com.br\/index.php\/wp-json\/wp\/v2\/pages"}],"about":[{"href":"https:\/\/www.mineracaovec.com.br\/index.php\/wp-json\/wp\/v2\/types\/page"}],"author":[{"embeddable":true,"href":"https:\/\/www.mineracaovec.com.br\/index.php\/wp-json\/wp\/v2\/users\/1"}],"replies":[{"embeddable":true,"href":"https:\/\/www.mineracaovec.com.br\/index.php\/wp-json\/wp\/v2\/comments?post=18"}],"version-history":[{"count":34,"href":"https:\/\/www.mineracaovec.com.br\/index.php\/wp-json\/wp\/v2\/pages\/18\/revisions"}],"predecessor-version":[{"id":120,"href":"https:\/\/www.mineracaovec.com.br\/index.php\/wp-json\/wp\/v2\/pages\/18\/revisions\/120"}],"wp:featuredmedia":[{"embeddable":true,"href":"https:\/\/www.mineracaovec.com.br\/index.php\/wp-json\/wp\/v2\/media\/46"}],"wp:attachment":[{"href":"https:\/\/www.mineracaovec.com.br\/index.php\/wp-json\/wp\/v2\/media?parent=18"}],"curies":[{"name":"wp","href":"https:\/\/api.w.org\/{rel}","templated":true}]}}